/14. Suppose c + 19 = r*n, -n + 2*n = -3*c - 8. Suppose 329 = n*w + 133. What is the tens digit of w?
2
Let y be (-2)/(-6)*(-27)/15*-5. Suppose 0 = -3*i - y*i + 18. Let s(q) = 20*q**2 + 13. What is the hundreds digit of s(i)?
1
Let g be (87/30*-24)/((-2)/(-4370)). What is the hundreds digit of 4/30 - g/180?
8
Let h = 2431 + -1343. Suppose 3*a + 2*a = 3*n + h, 3*n = -2*a + 431. What is the tens digit of a?
1
Suppose 36 = -5*i - i. Let y = 9 + i. Let a(g) = 47*g + 27. What is the hundreds digit of a(y)?
1
Let h(n) = -2*n**3 + 4*n**2 + 1211*n - 50. What is the thousands digit of h(-36)?
4
Let j(l) = l**3 + 10*l**2 + 11*l + 21. Let b be ((-2)/4)/((-2)/(-36)). Let u be j(b). Suppose 235 = u*x - 170. What is the hundreds digit of x?
1
Let x(g) be the second derivative of -4*g**3/3 + 4*g**2 - 2*g. Let h(l) = -l**2 - 2*l + 6. Let y be h(-5). What is the units digit of x(y)?
0
Let b = -16 - -53. Suppose -b = -x + 17. Suppose -2*k + x = -56. What is the units digit of k?
5
Suppose 4*b + 8 - 4 = 0. What is the tens digit of (542/8 + b)/((-10)/(-80))?
3
Let o be -6 - (-24)/(-32)*8. What is the tens digit of 469 + 15/5 + o?
6
Suppose 0 = 4*u - 176*o + 175*o - 26117, 0 = -2*u + 3*o + 13071. What is the thousands digit of u?
6
Let t(i) = -4*i - 15. Let h be t(-7). Suppose h*j - 15*j = -818. What is the units digit of j?
9
Suppose h + 0*p - 2*p - 77 = 0, h + p - 77 = 0. Let s = 136 - h. Suppose -t + s = -3*w, 3*t + 0*t - w = 209. What is the units digit of t?
1
Suppose -5*i + 17800 = 5*m, -3*m + 14246 = m + 2*i. What is the tens digit of m?
6
Let t = 1572 + 3006. What is the units digit of t?
8
Let k(u) be the first derivative of u**4/4 + 2*u**3/3 - 5*u**2 - 6*u + 67. What is the units digit of k(7)?
5
What is the units digit of 1140/3*(-22 - 5420/(-40))?
0
Suppose -4*g + 360 = n, -3*g + 6*g + 4*n = 270. Suppose 3*b = -2*b + g. What is the units digit of b?
8
Let v = -101746 - -177290. What is the units digit of v?
4
Suppose -33*z + 38*z = -5. Let f(d) = 4*d + 4. Let x be f(z). Suppose 2*t + 2*t - 528 = x. What is the units digit of t?
2
Let q be 2/((2/1)/(5 - 6)). Let w be q*4*(-59 + (-4 - -7)). Suppose 3*j - 163 = -4*n, 4*j - w = -0*j - 4*n. What is the tens digit of j?
6
Let v = -464 - -150. Let i = 429 + v. What is the hundreds digit of i?
1
Suppose -147*p + 152*p - 145840 = -5*y, -3*p = 4*y - 116664. What is the hundreds digit of y?
1
Let j(r) = -214*r**3 - r - 6*r - r + 3*r - 5. Let k be j(-1). Let h = k + -123. What is the tens digit of h?
9
Let x(v) = 77*v - 6. Let d be x(-2). Let a = d - -464. What is the hundreds digit of a?
3
Suppose 2*u = 5*k + 55749 - 11033, -u + 22358 = 5*k. What is the ten thousands digit of u?
2
Let i be (-1)/(3014/1204 - 25/10). Let z = 415 + i. What is the tens digit of z?
1
Let v(u) = -2*u**3 - 2*u**2 + 10*u - 2. Let x be v(-4). Let p = x - -978. What is the hundreds digit of p?
0
Suppose -3*w - 2*u = -2063, -w = -4*w - 3*u + 2061. Suppose 5*z - 2*h = h + w, 2 = h. What is the units digit of z?
9
Let p = 9315 - -893. What is the ten thousands digit of p?
1
Let l(z) = -z**3 + 5*z**2 + 7*z - 3. Let p = -186 + 181. What is the hundreds digit of l(p)?
2
Let i = -3348 + 9548. What is the units digit of i?
0
Let a = 1502 + -179. What is the thousands digit of a?
1
Let t(o) = 245*o + 789. What is the thousands digit of t(30)?
8
Let g(v) = -v**2 - 11*v - 27. Let a be g(-11). Suppose 27 = 2*t - 39. Let h = a + t. What is the units digit of h?
6
Suppose 0 = -839*g + 7524513 + 9719454. What is the units digit of g?
3
Let b = 34323 + -23439. What is the ten thousands digit of b?
1
Suppose 1245504 = -85*c + 4022709. What is the hundreds digit of c?
6
Suppose -4*l - 40 = -3*f, -2*f = l + 8 - 31. Let k(i) = 5*i**2 - 42*i + 27. What is the hundreds digit of k(f)?
2
Let h be -746*(30/(-240) + (-3)/8). Suppose -5*m - 585 = -4*c + h, -4*m - 8 = 0. What is the hundreds digit of c?
2
Let c(k) = 564*k**2 + 17*k - 112. What is the ten thousands digit of c(7)?
2
Suppose -4*x = 2*m - 0*m - 8, -2*m = x - 5. Let h(b) = 319*b**2 + 2*b - 1. What is the tens digit of h(x)?
2
Let y be (-1 - 1) + 1 + 2. Let j(h) = -314*h. Let i(a) = -605*a - 1. Let s(n) = -6*i(n) + 11*j(n). What is the tens digit of s(y)?
8
Let o = 14759 - -12005. What is the units digit of o?
4
Let n(d) = 5*d - 25. Let a be n(6). Suppose -5*k = p - 13, -a*k - 2 - 3 = -5*p. Suppose 684 = 9*v + p*v. What is the units digit of v?
7
Suppose -5*a + 5*p = -213600, 41*a + 128160 = 44*a + 4*p. What is the units digit of a?
0
Suppose 3*f - 20149 = -2*j, 1062*j = 1057*j - 5*f + 50370. What is the tens digit of j?
7
Let k(j) be the second derivative of j**5/10 - j**4/4 - 2*j**3/3 - j**2/2 + 17*j. Let x be k(-1). What is the units digit of x*((-85)/10 + 4)?
9
Let u be 8*(1659/(-84))/(1/(-2)). Suppose -u*y = -315*y - 977. What is the hundreds digit of y?
9
Suppose -2*p + 8708 = 12*p. Let w = p - 356. What is the units digit of w?
6
Suppose -4*i = 16, -88 = 3*v + 9*i - 8*i. What is the units digit of 196*1*(-35)/v?
5
Let d = -11546 + 27667. What is the ten thousands digit of d?
1
Let n be ((-24)/30)/((-3)/(-15)). Let u = 50 + n. What is the units digit of u?
6
Let t(b) = -4109*b - 1063. What is the units digit of t(-3)?
4
Let l(u) = -10688*u + 100. What is the units digit of l(-1)?
8
Let s(i) = 269*i**3 - 2*i**2 + i + 37. What is the units digit of s(3)?
5
Suppose 5*h - b + 28 - 146 = 0, 14 = h + 3*b. Suppose h*i - 14508 = -8*i. What is the units digit of i?
8
Suppose 0 = 125*f + 94*f - 5419812. What is the ten thousands digit of f?
2
Let d = -25712 + 49861. What is the hundreds digit of d?
1
Suppose -4*q + 49386 = 2*o, 163*q - 166*q + 37032 = -o. What is the hundreds digit of q?
3
Let w = -214 + 521. Let g = 465 - w. What is the units digit of g?
8
Let v = 11 + -8. Suppose -4*x = -4*z + 252, 0 = -v*z + 2*x + 262 - 77. Let h = z - 29. What is the units digit of h?
0
Let l = 20733 + 18580. What is the thousands digit of l?
9
Let l = 21762 - -42072. What is the units digit of l/54 - (-2)/(-18)?
2
Suppose 9*u - 7*u - 10410 = -5*z, 3*z - 2*u = 6230. What is the units digit of z?
0
What is the thousands digit of (-7381075)/(-175) + 9/21?
2
Suppose -5*n - 99 = -2*n. Let g = n + 50. Suppose -g*o + 264 = -13*o. What is the units digit of o?
6
Let d be 0/2 - (-5 + 40)/(-7). Suppose 250 = 4*v + u + u, -u + 305 = d*v. What is the tens digit of v?
6
Let n(x) be the first derivative of x**4/4 + 10*x**3/3 + 3*x**2/2 - 2*x + 19. Let p be n(-8). Let u = 1 + p. What is the units digit of u?
3
Let m(o) = 1221*o - 53. What is the thousands digit of m(3)?
3
Suppose 0 = 7*v - 2*v - 60. Suppose u = 4*u - v. Let o(z) = 12*z**2 + 4*z + 4. What is the units digit of o(u)?
2
Let k be -3*(-56)/(-21)*(-6)/4. Suppose -k*i = -9*i - 1065. What is the units digit of i?
5
Let z = 97 - 617. Let h = -60 - z. What is the tens digit of h?
6
Suppose 0 = 4*y + 15506 - 2590. What is the hundreds digit of y/(-8) + (-24)/(-64)?
4
Suppose -2*f + 40 = 4*c - 80, -4*f + 3*c + 207 = 0. Suppose -3*g + f - 6 = 0. Suppose -52 = -q + g. What is the tens digit of q?
6
Let f(y) = 57*y**3 + 1. Let a be f(4). Let c = a - 2471. Suppose -5*j - 2*t + c = 0, 343 = 5*j + 3*t - 839. What is the tens digit of j?
3
Let v be 4 - (7 + (15 - -9)). What is the hundreds digit of (-14 + (-522)/v)/(2/612)?
6
Let h be 8/(-2) + 15 + 29. Let w(y) = 41*y + 49. What is the hundreds digit of w(h)?
6
Let c = 124 - 209. Let j = c - -39. Let z = j + 80. What is the tens digit of z?
3
Let h(b) = -b**3 - 8*b**2 - 11*b + 7. Let u be h(-6). Let z be (u*5/(-5))/(2/(-10)). Suppose 412 = z*t - 413. What is the hundreds digit of t?
1
Suppose v - 645 = -4*v. Let k be -2 + 1/(3/8) + (-3614)/39. Let y = v - k. What is the tens digit of y?
2
Let w(s) = -424*s - 1051. What is the tens digit of w(-25)?
4
What is the tens digit of 509273/13 + (-292)/(-1898)?
7
Let i(o) = 10*o - 18. Let a be i(15). Suppose 0 = 2*f - 5*d + 138, -f + d - 32 = 37. Let y = a + f. What is the tens digit of y?
6
Let o(b) be the first derivative of 3*b**3 - 10*b**2 + 16*b + 5. Let f be (-1)/(-4) - (-38)/8. What is the units digit of o(f)?
1
Suppose 5*b - 5701 = -w - 694, -w + 5055 = -3*b. What is the units digit of w?
7
Suppose 2*c - 3*d - 16 = d, -d = 5*c - 18. Suppose -2*m - 790 = 2*a, c*a - 65 = m + 345. What 